336098 a multiple of 12?
False
Is 6813867 a multiple of 10?
False
Is 624781 a multiple of 188?
False
Is 4553982 a multiple of 23?
False
Does 2 divide 1052?
True
Is 26 a factor of 292760?
True
Is 298 a factor of 453258?
True
Does 478 divide 1611943?
False
Does 113 divide 346119?
True
Is 25865 a multiple of 77?
False
Is 1076 a factor of 3881132?
True
Is 2461096 a multiple of 21?
False
Is 18972 even?
True
Does 16 divide 50817?
False
Is 22918 a multiple of 7?
True
Does 4 divide 1061686?
False
Is 41 a factor of 59942?
True
Is 395 a factor of 152866?
False
Is 39975 a multiple of 69?
False
Is 724 a factor of 5909611?
False
Is 270899 a multiple of 3?
False
Is 606957 a multiple of 1099?
False
Is 376 a factor of 15618634?
False
Does 187 divide 281324?
False
Is 286 a factor of 132332?
False
Is 3608754 a multiple of 6?
True
Is 2565798 a multiple of 71?
True
Is 64854 a multiple of 27?
True
Does 145 divide 153990?
True
Does 597 divide 317604?
True
Does 25 divide 7622056?
False
Is 3105054 a multiple of 243?
True
Is 4 a factor of 3345003?
False
Does 488 divide 146341?
False
Is 435 a factor of 3166365?
True
Is 2024815 a multiple of 13?
True
Is 65 a factor of 7577310?
True
Is 66 a factor of 3475692?
True
Is 11476252 a multiple of 189?
False
Is 129 a factor of 126749?
False
Is 11 a factor of 982388?
True
Is 30154 a multiple of 8?
False
Is 206087 a multiple of 12?
False
Is 592 a factor of 2056011?
False
Is 10807280 a multiple of 220?
True
Is 26 a factor of 140348?
True
Does 19 divide 714773?
False
Does 17 divide 875332?
False
Is 184 a factor of 291824?
True
Is 6636857 a multiple of 102?
False
Is 56 a factor of 91168?
True
Is 12 a factor of 1173825?
False
Is 48648 a multiple of 110?
False
Is 19 a factor of 1837427?
False
Does 40 divide 419680?
True
Is 144641 a multiple of 7?
True
Is 19 a factor of 424178?
False
Does 6 divide 491104?
False
Is 581 a factor of 255267?
False
Does 47 divide 527434?
True
Is 207969 a multiple of 11?
False
Is 356630 a multiple of 681?
False
Is 732027 a multiple of 2?
False
Is 214 a factor of 41298?
False
Is 224 a factor of 6223582?
False
Is 197 a factor of 88457?
False
Is 199 a factor of 266859?
True
Is 1544833 a multiple of 22?
False
Does 108 divide 119988?
True
Is 54 a factor of 2898248?
False
Is 1614390 a multiple of 53?
False
Does 117 divide 111033?
True
Is 78 a factor of 591552?
True
Is 33 a factor of 47355?
True
Is 10 a factor of 6120?
True
Is 3237522 a multiple of 13?
False
Does 436 divide 99408?
True
Is 11 a factor of 502997?
True
Is 33818202 a multiple of 247?
False
Is 12183 a multiple of 31?
True
Is 214 a factor of 1123035?
False
Does 60 divide 958735?
False
Is 27616 a multiple of 863?
True
Does 17 divide 15997?
True
Is 5649275 a multiple of 25?
True
Does 116 divide 5786312?
True
Does 388 divide 87300?
True
Is 450 a factor of 3418200?
True
Does 42 divide 21915?
False
Does 37 divide 100445?
False
Is 2090529 a multiple of 81?
True
Is 736 a factor of 11279936?
True
Does 172 divide 1573?
False
Is 27 a factor of 462492?
False
Is 39 a factor of 40036?
False
Is 7421899 a multiple of 201?
False
Is 183 a factor of 44484?
False
Is 80 a factor of 994000?
True
Is 3435634 a multiple of 40?
False
Is 66 a factor of 1839882?
True
Is 384943 a multiple of 3?
False
Is 69 a factor of 81213?
True
Is 3 a factor of 70449?
True
Is 132 a factor of 80559?
False
Is 1188218 a multiple of 15?
False
Is 131 a factor of 268943?
True
Is 948860 a multiple of 220?
True
Is 5987893 a multiple of 36?
False
Does 18 divide 1566961?
False
Is 534 a factor of 515005?
False
Is 614710 a multiple of 272?
False
Is 36528 a multiple of 16?
True
Is 1400329 a multiple of 36?
False
Does 18 divide 11205738?
True
Is 47 a factor of 1773075?
True
Is 32 a factor of 3140768?
True
Is 4633200 a multiple of 66?
True
Does 35 divide 125860?
True
Is 564 a factor of 18340229?
False
Does 920 divide 2183774?
False
Does 338 divide 140270?
True
Is 2786 a factor of 6585341?
False
Is 6 a factor of 94728?
True
Is 25 a factor of 11599502?
False
Is 219417 a multiple of 24?
False
Is 24 a factor of 1496160?
True
Is 27867446 a multiple of 20?
False
Does 174 divide 49979?
False
Is 255 a factor of 1914931?
False
Is 332 a factor of 1368836?
True
Is 211 a factor of 166479?
True
Does 18 divide 440982?
True
Is 5 a factor of 18090?
True
Does 588 divide 750876?
True
Is 2960 a multiple of 5?
True
Is 9 a factor of 785607?
False
Is 15 a factor of 139635?
True
Is 57 a factor of 26237?
False
Is 63 a factor of 9089156?
False
Does 2 divide 214538?
True
Is 47 a factor of 40732?
False
Is 4074859 a multiple of 421?
True
Is 188280 a multiple of 9?
True
Is 13 a factor of 541229?
True
Is 24 a factor of 1300200?
True
Does 79 divide 657438?
True
Is 3783295 a multiple of 181?
False
Does 198 divide 2717305?
False
Does 567 divide 4982555?
False
Is 3580489 a multiple of 697?
True
Does 261 divide 4691475?
True
Is 795 a factor of 1108585?
False
Is 6675 a multiple of 39?
False
Is 77 a factor of 117994?
False
Is 1084824 a multiple of 19?
True
Is 1940396 a multiple of 24?
False
Is 802655 a multiple of 1351?
False
Is 110517 a multiple of 33?
True
Is 77 a factor of 4704392?
True
Is 41212360 a multiple of 14?
True
Is 841755 a multiple of 11?
False
Is 35 a factor of 12901420?
True
Is 29517 a multiple of 8?
False
Does 293 divide 3147113?
True
Is 404 a factor of 102443?
False
Is 988493 a multiple of 16?
False
Is 5185404 a multiple of 19?
True
Does 1158 divide 21302145?
False
Does 6 divide 349771?
False
Is 79 a factor of 194577?
True
Does 16 divide 297936?
True
Is 42 a factor of 56232?
False
Does 162 divide 59445?
False
Is 221592 a multiple of 56?
True
Is 655344 a multiple of 9?
True
Does 91 divide 145464?
False
Does 9 divide 301761?
True
Is 412 a factor of 1211004?
False
Is 352193 a multiple of 19?
False
Is 5 a factor of 9415728?
False
Is 423 a factor of 1656891?
True
Is 158263 a multiple of 151?
False
Is 43 a factor of 322461?
False
Is 3853250 a multiple of 441?
False
Is 68 a factor of 116484?
True
Is 44 a factor of 1643004?
True
Is 3179330 a multiple of 966?
False
Is 1141 a factor of 502040?
True
Does 58 divide 631446?
True
Does 21 divide 812448?
True
Does 7 divide 2517641?
True
Does 135 divide 91662?
False
Is 2355612 a multiple of 14?
True
Is 202 a factor of 315580?
False
Is 555 a factor of 12101371?
False
Is 791 a factor of 502944?
False
Does 104 divide 43181?
False
Is 64760 a multiple of 5?
True
Is 456808 a multiple of 232?
True
Does 8 divide 5246178?
False
Is 2084940 a multiple of 81?
True
Is 23 a factor of 68971?
False
Is 4 a factor of 632795?
False
Is 506 a factor of 2211726?
True
Is 184 a factor of 131005?
False
Is 29 a factor of 425053?
True
Is 96036 a multiple of 121?
False
Is 24 a factor of 27318816?
True
Is 6 a factor of 762229?
False
Does 19 divide 302043?
True
Does 44 divide 235356?
True
Is 302962 a multiple of 163?
False
Is 1776572 a multiple of 51?
False
Is 695 a factor of 34750?
True
Is 228 a factor of 940662?
False
Is 95872 a multiple of 214?
True
Is 55 a factor of 53980?
False
Does 58 divide 209614?
False
Is 11 a factor of 17399811?
True
Is 764 a factor of 4618380?
True
Does 16 divide 1070697?
False
Does 3 divide 144738?
True
Does 3 divide 66843?
True
Does 42 divide 129612?
True
Is 2535521 a multiple of 15?
False
Does 267 divide 3117225?
True
Is 45 a factor of 127814?
False
Is 31 a factor of 6056005?
True
Is 87096 a multiple of 57?
True
Is 71284 a multiple of 23?
False
Is 188 a factor of 133480?
True
Is 15398 a multiple of 8?
False
Is 41 a factor of 9155?
False
Does 26 divide 663702?
True
Is 46 a factor of 457056?
True
Is 2145566 a multiple of 31?
False
Is 41 a factor of 414100?
True
Is 539105 a multiple of 7?
True
Is 9312006 a multiple of 1484?
False
Does 3 divide 5819?
False
Is 248791 a multiple of 71?
False
Does 107 divide 163994?
False
Does 42 divide 1629100?
False
Is 422 a factor of 18085232?
True
Is 24 a factor of 425376?
True
Is 15 a factor of 8250?
True
Is 20843 a multiple of 8?
False
Is 1826071 a multiple of 54?
False
Is 27 a factor of 11087510?
False
Is 17 a factor of 378848?
False
Is 23 a factor of 150006?
True
Is 24 a factor of 203988?
False
Is 583338 a multiple of 7?
True
Is 124 a factor of 62939?
False
Is 236084 a multiple of 277?
False
Does 284 divide 184895?
False
Does 59 divide 160303?
True
Is 19 a f